 c(j) = 80*j**3 - 15*j**2 - j + 54. Calculate c(2).
632
Let a(g) = 233*g**3 + 64*g - 130. Calculate a(2).
1862
Let n(w) = 6*w**3 - w**2 - 73*w + 25. Give n(-10).
-5345
Let f(i) = i**3 + 67*i**2 - 81*i - 658. Give f(-68).
226
Let w(q) = 2*q**3 + 67*q**2 - 536*q + 20. Give w(7).
237
Let w(t) = -t**3 + 5*t**2 + 253*t - 1936. Calculate w(9).
17
Let j(d) = -2*d**2 - 63*d + 860. Give j(-42).
-22
Let r(l) = 571735*l + 1143470. Calculate r(-2).
0
Let p(n) = -2*n**2 - 144*n + 4070. What is p(24)?
-538
Let b(r) = -128*r - 13575. What is b(-104)?
-263
Let u(k) = -421*k - 1448. What is u(4)?
-3132
Let c(z) = z**3 + 977*z**2 - 61122*z - 225. Give c(59).
-107
Let d(p) = 632*p - 980. Calculate d(-1).
-1612
Let f(m) = 3*m**3 - 566*m**2 + 26570*m + 541. Calculate f(88).
13
Let d(x) = 14*x**3 + 322*x**2 - 6*x + 2. What is d(-23)?
140
Let l(s) = -26*s**2 + 11086*s + 627725. What is l(477)?
-7
Let s(b) = -7*b**2 + 770*b + 236. Calculate s(110).
236
Let t(r) = -r**2 - 6614*r + 39691. Give t(6).
-29
Let z(a) = -79*a - 6056. Give z(-65).
-921
Let c(q) = -209431*q + 628295. Calculate c(3).
2
Let t(w) = -w**3 + 24*w**2 + 723*w + 1401. Calculate t(42).
15
Let h(l) = -92*l**2 - 195*l - 1426. Give h(-7).
-4569
Let s(p) = 5*p**2 - 99*p - 30. What is s(21)?
96
Let p(w) = 79*w**2 - 3*w + 12. Give p(-2).
334
Let t(f) = 25*f + 1706. What is t(-46)?
556
Let q(h) = -59167*h - 295816. Determine q(-5).
19
Let a(f) = -f**3 + 228*f**2 + 466*f - 1375. Give a(230).
5
Let i(c) = -9090*c + 836444. Give i(92).
164
Let j(a) = 3689*a + 7219. Give j(-2).
-159
Let c(u) = 1048*u**3 + 3143*u**2 - 8*u - 18. Determine c(-3).
-3
Let b(s) = s**2 + 5053*s - 81224. Calculate b(16).
-120
Let o(n) = -2*n**3 + 108*n**2 + 885*n + 208. Give o(-7).
-9
Let x(b) = 300*b - 76191. Determine x(254).
9
Let g(l) = -l**2 - 115*l - 3535. Give g(-47).
-339
Let g(k) = 2*k**3 + 827*k**2 - 1978*k + 42428. What is g(-416)?
-4
Let r(f) = f**3 + 2768*f**2 + 16571*f. Calculate r(-6).
6
Let h(z) = -z**2 - 315*z - 23537. Calculate h(-122).
9
Let z(r) = 19*r**2 + 892*r + 10341. Give z(-26).
-7
Let z(l) = l**3 - 77*l**2 - 1239*l + 119. What is z(-13)?
1016
Let n(b) = -383*b**3 + 2292*b**2 + 13*b + 156. Calculate n(6).
18
Let u(r) = -7*r**2 + 18*r + 609. Give u(-27).
-4980
Let q(g) = -33709*g - 573070. What is q(-17)?
-17
Let x(s) = -7102*s**2 - 99431*s - 46. What is x(-14)?
-4
Let w(l) = 5120*l + 773121. Determine w(-151).
1
Let a(y) = 67*y + 2345. Determine a(-24).
737
Let d(f) = 216*f + 8864. Calculate d(-41).
8
Let y(h) = 904*h + 5875. Calculate y(-6).
451
Let o(t) = -4335*t + 52215. Determine o(12).
195
Let y(g) = g**2 + 480*g + 49363. Determine y(-330).
-137
Let j(i) = -i**3 + 2*i**2 - 25*i - 150. What is j(7)?
-570
Let m(q) = -4*q**3 + 582*q**2 + 871*q + 1459. Calculate m(147).
-158
Let o(t) = -7*t**2 - 12761*t - 63637. Calculate o(-1818).
-7
Let l(x) = x**3 - 1446*x**2 + 288471*x + 477. Determine l(239).
-1
Let z(j) = -2*j**2 + 493*j + 40524. Give z(-65).
29
Let n(w) = 4088*w + 13057. Calculate n(-2).
4881
Let s(u) = u**2 + 2694*u + 1772054. Give s(-1141).
81
Let q(d) = 71945*d - 144071. What is q(2)?
-181
Let n(g) = 4*g**3 - 135*g**2 + 75*g - 99. Calculate n(33).
-891
Let g(j) = j**3 + 308*j**2 - 4157*j + 5123. Calculate g(-321).
-13
Let x(y) = 2750*y - 181672. Calculate x(66).
-172
Let n(m) = 6*m**3 - 33*m**2 - 29*m - 2. Calculate n(6).
-68
Let z(n) = -2267*n + 262886. Determine z(116).
-86
Let i(b) = -15*b**2 + 106*b + 7041. Give i(27).
-1032
Let n(l) = -15*l**2 - 349*l + 4349. Determine n(9).
-7
Let r(i) = i**3 - 154*i**2 - 620*i - 27821. Determine r(159).
4
Let a(g) = -22*g - 86. Calculate a(5).
-196
Let w(l) = 21*l**2 - 23*l - 706. What is w(-9)?
1202
Let u(k) = -2*k**3 - 36*k**2 - 58*k + 763. Give u(-14).
7
Let m(o) = -o**3 - 45*o**2 - 438*o - 11228. What is m(-41)?
6
Let l(c) = 2420*c + 11315. Give l(-5).
-785
Let u(d) = 19071*d - 76423. Determine u(4).
-139
Let l(r) = -46*r**2 - 165*r + 130. Calculate l(-5).
-195
Let o(k) = -6413*k - 262931. Calculate o(-41).
2
Let b(i) = -i**3 + 15*i**2 - 197*i + 477. Give b(3).
-6
Let h(w) = w**2 - 25*w - 5500. Give h(87).
-106
Let g(c) = -52*c - 4447. Determine g(-84).
-79
Let f(c) = -4*c**3 - 54*c**2 - 18*c + 117. What is f(-14)?
761
Let l(k) = k**3 - 11*k**2 - 958*k + 6888. What is l(7)?
-14
Let a(d) = -d**3 + 46*d**2 + 192*d + 270. What is a(50)?
-130
Let o(g) = 3495*g**2 - 27716*g - 1976. Give o(8).
-24
Let f(g) = g**3 - 167*g**2 - 1853*g + 14685. Determine f(177).
-6
Let o(r) = -r**2 + 205*r - 953. What is o(5)?
47
Let b(n) = -255501*n - 2299498. What is b(-9)?
11
Let f(l) = 15*l**2 + 6404*l - 12799. Give f(2).
69
Let t(g) = -g**3 - 42*g**2 - 121*g + 32. Give t(-38).
-1146
Let i(n) = 27*n**2 + 8741*n + 8747. Give i(-1).
33
Let r(o) = -306*o**3 + 6*o**2 - 137*o + 260. Give r(2).
-2438
Let h(k) = 6*k**3 + 4343*k**2 - 770*k - 33305. Calculate h(-724).
-1
Let c(w) = -419*w**3 - 5*w**2 - 23*w - 31. What is c(-2)?
3347
Let a(c) = c**3 + 26*c**2 + 46*c + 296. Give a(-25).
-229
Let j(v) = 52*v**3 - 578*v**2 + 56*v + 100. Give j(11).
-10
Let n(j) = j**3 - 241*j**2 + 92*j - 22140. What is n(241)?
32
Let m(y) = y**3 + 5958*y**2 - 2008957*y - 969. Give m(320).
-9
Let k(d) = -142*d**2 - 9979*d - 224. Give k(-70).
2506
Let k(t) = -t**2 + 78*t - 1378. Calculate k(57).
-181
Let h(c) = c**3 + 60*c**2 + 793*c - 584. Give h(-21).
-38
Let x(n) = 4*n**2 - 644*n - 5286. Give x(-8).
122
Let s(u) = u**3 - 166*u**2 - 1011*u - 3585. Calculate s(172).
27
Let p(f) = -189144*f + 756408. What is p(4)?
-168
Let f(j) = -41*j**2 - 269*j + 2. Give f(0).
2
Let s(y) = -y**2 + 24*y - 171. Calculate s(12).
-27
Let g(j) = j**2 - 25*j - 247310. Give g(510).
40
Let g(k) = 116*k**2 + 6138*k - 513. Determine g(-53).
17
Let k(w) = -11*w**3 + 1672*w**2 - 7*w + 1186. Give k(152).
122
Let c(a) = -567*a + 10230. Calculate c(18).
24
Let u(b) = b**2 - 2706*b - 231478. What is u(-83)?
9
Let v(p) = -6*p**3 + 3*p**2 + 98*p + 898. Calculate v(-7).
2417
Let g(b) = 1365*b + 28015. Determine g(-19).
2080
Let a(f) = 274270*f - 548525. Calculate a(2).
15
Let a(t) = t**3 + 9*t**2 - 332*t - 1387. Give a(-4).
21
Let t(b) = 22*b**2 + 126*b + 88. Give t(-1).
-16
Let z(q) = 23*q**3 - 109*q**2 - 473*q + 2213. What is z(5)?
-2
Let i(a) = 62334*a - 872734. Give i(14).
-58
Let q(b) = -2*b**3 - 108*b**2 + 217*b - 362. Calculate q(-56).
30
Let j(n) = 4*n**3 - 736*n**2 + 11*n - 2035. Determine j(184).
-11
Let f(u) = 14751*u - 44241. Give f(3).
12
Let q(u) = -2*u**3 + 114*u**2 - 1066*u + 1688. Give q(2).
-4
Let u(h) = -3*h**3 + 30*h**2 + 86*h - 620. Calculate u(11).
-37
Let z(k) = 2712*k - 60538. Determine z(22).
-874
Let j(z) = -737*z - 2307. Determine j(-2).
-833
Let v(c) = -16*c**2 - 1231*c + 7. Determine v(0).
7
Let p(o) = -o**3 - 13*o**2 + 60*o - 1006. Calculate p(-19).
20
Let t(z) = -50869*z - 1780427. Calculate t(-35).
-12
Let n(s) = -2*s**3 + 14*s**2 + 1365*s + 10559. Determine n(-15).
-16
Let r(w) = 2*w**3 - 19450*w**2 - 58364*w + 9. What is r(-3)?
-3
Let h(f) = 3*f**3 + 1959*f**2 + 201596*f - 2102. What is h(-525)?
-2
Let b(z) = -22476*z + 539408. Give b(24).
-16
Let x(c) = -c**2 + 3623*c - 101043. Determine x(28).
-383
Let h(f) = f**3 + 105*f**2 - 213*f - 10959. What is h(-106)?
383
Let g(p) = -3*p**2 + 198616*p - 7. Give g(0).
-7
Let j(c) = -c**3 + 372*c**2 - 2200*c + 1462. Calculate j(366).
-2
Let r(q) = 23*q**3 - 1473*q**2 + 46*q + 76. Give r(64).
-1076
Let j(m) = 21862*m + 196708. Give j(-9).
-50
Let t(m) = -2*m**3 - 53*m**2 - 147*m + 1200. Calculate t(-8).
8
Let w(f) = -306344*f + 612719. Give w(2).
31
Let o(n) = n**3 - 4*n**2 + 173*n - 2434. Give o(10).
-104
Let w(h) = -40*h - 4121. Give w(-108).
199
Let y(h) = 2*h**3 - 56*h**2 - 12*h - 79. Determine y(28).
-415
Let g(z) = 266*z - 14949. Give g(57).
213
Let u(q) = 2*q**3 + 44*q**2 - 27*q + 539. Determine u(-23).
102
Let c(l) = -2*l**3 - 168*l**2 - 1786*l + 110. Give c(-72).
4286
Let x(z) = 24808*z - 644979. Give x(26).
29
Let m(a) = 850*a + 49044. Determine m(-57).
594
Let d(k) = -k**3 + 120*k**2 - 3552*k + 1070. Give d(68).
-18
Let q(b) = b**3 + 1448*b**2 + 15804*b - 41. What is q(-11)?
-8
Let g(c) = 87638*c - 1927957. Give g(22).
79
Let a(c) = c**3 + 232*c**2 + 11052*c - 193. Determine a(-67).
8
Let w(n) = -n**3 + 590*n**2 - 14127*n + 1356. What is w(565)?
226
Let p